be the third derivative of -t**4/12 + t**3/6 - 59*t**2. Determine m(s).
-9
Let j(h) = -31 - 6*h**2 - 67*h + 56*h + 7*h**2. Give j(13).
-5
Let r(g) be the first derivative of g**2/2 + 3*g + 60. Suppose 4 = -2*x - 4. Give r(x).
-1
Let j(o) = o**2 - 4*o - 7. Let p(s) = -5*s**2 + 15*s + 28. Suppose 56 = -4*i + 48. Let y(w) = i*p(w) - 9*j(w). Calculate y(-6).
7
Let q(h) be the third derivative of -1/60*h**5 + 7/6*h**3 + 0 + 0*h - 1/4*h**4 - 20*h**2. What is q(-6)?
7
Let l(n) = -3*n - 4. Let v(s) = 2*s**2 - 19*s + 19. Suppose -q = 4*r, -2*r - 5 = -1. Let d be v(q). Give l(d).
11
Let z(c) = -23*c**2 + 9 - 2*c + 12*c**2 + 12*c**2 + 7*c - 12*c. Let i(x) = x**2 - x + 6. Let y be i(0). Determine z(y).
3
Let l(q) = -3*q**2 + 45*q**3 - 6*q - 130*q**3 + 46*q**3 + 1 + 40*q**3. Give l(4).
-7
Let b(r) = -3*r - 1. Let i(h) = -13*h. Let j(q) = 4*b(q) - i(q). What is j(3)?
-1
Let u(j) = -j - 12. Suppose 0 = 2*i + 31*i - 132. Calculate u(i).
-16
Let p(j) be the first derivative of j**4/4 - 2*j**3/3 - j**2 - 8. Let o(k) = k + 9. Let y be o(-6). Suppose -y*n + 2 = -2*n. Give p(n).
-4
Let v(u) = -3*u**2 + 4*u + 10. Let i(x) = 4*x**2 - 5*x - 10. Let q(n) = -2*i(n) - 3*v(n). Give q(0).
-10
Let f(m) = 2*m**2 - 14*m + 22. Let g be f(5). Let d(l) = 9*l + 0*l - l**g + l**3 - 10*l. Calculate d(-1).
-1
Suppose f - 2*o + 8 = -7*o, -3*o = f + 2. Let d(t) = t**3 - 5*t**2 - 9*t - 6. Give d(f).
29
Let i(k) be the second derivative of k**5/20 - 5*k**4/4 + 13*k**3/6 + 8*k**2 + 259*k. What is i(14)?
2
Let i(d) be the first derivative of d**6/120 - 3*d**5/20 - d**4/24 - d**3/6 - 55*d**2/2 + 37. Let m(z) be the second derivative of i(z). Calculate m(9).
-10
Let x(v) = v**3 + 6*v**2 - 7*v - 3. Suppose 5*o + 15 = u - 18, 36 = -4*o - 4*u. Calculate x(o).
-3
Let a(c) = -4. Let t(j) = -j. Let h(v) = 3*a(v) + 5*t(v). Calculate h(-7).
23
Let i(d) be the third derivative of -10*d**2 + 0 + 0*d + 7/6*d**3 + 1/24*d**4. Determine i(-6).
1
Let f(g) = 2*g**2 + g + 5. Suppose -45*w = 16*w - 183. What is f(w)?
26
Let h(f) = f - 5. Let z = -58 - -58. Determine h(z).
-5
Suppose -145 = -4*s - 137. Let z(g) = -2*g**3 + 2*g**2 - 2*g - 1. Calculate z(s).
-13
Let q(y) = 17*y**2 - 3*y + 6. Let h(l) = -6*l**2 - 11*l + 5*l - 4 + 2 + 7*l. Suppose 0 = -4*z - 7 - 25. Let a(k) = z*h(k) - 3*q(k). Give a(2).
-12
Suppose 3*m + 5*j + 10 = -35, -m - 4*j - 22 = 0. Let q = -19 - m. Let o(a) = -a**2 - 11*a - 13. Determine o(q).
5
Let o(n) = n**2 - n + 2. Let c(u) = -2*u**2 + 18*u + 26. Let y(w) = c(w) + 3*o(w). Give y(-13).
6
Suppose 0 = z + 7 + 3. Let d = 17 + z. Let g(b) = -b**2 + 7*b + 10. Determine g(d).
10
Let p(v) = 2 - 18*v**2 + 16*v**2 - v + v**2. What is p(-4)?
-10
Let c(o) be the second derivative of 5*o**4/6 - 3*o - 32. Calculate c(-2).
40
Let h(r) be the first derivative of -r**3/3 - 3*r**2/2 - 2*r - 1. Let s be (2/(-3))/(-2 - 88/(-45)). Suppose -3*q = 2*q + s. Give h(q).
-2
Suppose -2*m + 12*k = 74 + 2, 17 = -4*m - 3*k. Let v(j) = -j**3 - 7*j**2 + 9*j - 7. Give v(m).
-15
Let y(z) = 5*z - 4. Let a(r) = 4*r - 4. Suppose 8 = -0*t + 4*t. Let f(v) = t*y(v) - 3*a(v). Let i(w) = 5*w - 7. Let o(s) = -7*f(s) - 4*i(s). Give o(1).
-6
Let j(h) = -6*h + 11. Let d(t) = 14*t - 25. Let m(w) = 4*d(w) + 9*j(w). What is m(-4)?
-9
Let y = -16 - -17. Let s(x) be the third derivative of -x**4/8 - x**3/6 + 15*x**2. Determine s(y).
-4
Let y be (21/14)/(-2 - 7/(-2)). Let g(x) = -1 + y - 1 - 23*x**3 + 17*x**3. What is g(-1)?
5
Suppose 5*y - 5*g = -10, -g + 2 = -7*y + 2*y. Let d(s) be the second derivative of s**4/12 + 5*s**2/2 + 64*s. Give d(y).
5
Let k(x) be the second derivative of x**4/12 - 5*x**3/6 + x**2 - 3*x. Let b(w) = 3*w + 0*w - 5 - 6 - 9. Let d be b(8). Determine k(d).
-2
Let a(n) = 2*n - 9. Let l(h) = -3*h + 9. Let i(o) = 4*a(o) + 3*l(o). Suppose 2*z + 225 - 213 = -2*p, 0 = -4*z + 4*p - 24. What is i(z)?
-3
Let h(t) be the first derivative of -t**7/210 + t**6/360 + t**5/40 - t**4/12 + 3*t**3 - 36. Let c(d) be the third derivative of h(d). Give c(2).
-24
Let l(i) = -i**3 - 2*i**2 + 2*i + 3. Let w = -33 - -31. Determine l(w).
-1
Let i(a) = -20*a + 17. Let q(h) = -7*h + 6. Suppose -68*d = -66*d - 34. Let z(v) = d*q(v) - 6*i(v). Calculate z(-6).
-6
Let c(y) be the third derivative of -y**6/120 + y**5/15 - y**4/6 + 2*y**3/3 + 4*y**2. Suppose 8 = -2*h, 0 = -2*d + h + 22 + 2. Let f = d + -7. Calculate c(f).
1
Let o(z) = -z**3 - 8*z**2 - 7*z + 2. Let v be (-16)/(-32) - 23/2. Let j be v + (-5)/((-20)/16). Give o(j).
2
Let r = -5 + 8. Let o(j) be the second derivative of j**5/60 + j**4/8 + j**3 + 44*j. Let k(p) be the second derivative of o(p). What is k(r)?
9
Let a = -15 + 21. Let r(y) = -4*y - 12. Let l(p) = -9*p - 31. Let c(s) = -2*l(s) + 5*r(s). What is c(a)?
-10
Suppose 4*v - 5*v = 0. Suppose -q + 2*q + 1 = v. Let f(u) = 4*u**2 + u + 1. Give f(q).
4
Suppose 4*k = -3*b - 48, -3*b + 6 = -31*k + 29*k. Let o(p) = p**2 + 5*p - 10. Give o(k).
26
Let o(y) = 2*y**2 + 2*y + 1. Let i be o(-2). Let l(x) = 3*x**2 + 4 + 4*x + 0*x - 4*x**2. Calculate l(i).
-1
Let b = 20 + -26. Let j(n) be the second derivative of 5/2*n**2 + 1/12*n**4 + 0 - 4*n + 4/3*n**3. Give j(b).
-7
Let i(t) = -2*t + 4. Let n be (6/2)/((-3)/(-28)). Let z = 52 - n. Let p = z - 20. What is i(p)?
-4
Let r = 2 - 5. Let v be 2*2/(2 + r). Let k(q) = 3*q**3 + 6*q**2 - 3*q - 6. Let a(b) = 8*b**3 + 17*b**2 - 8*b - 17. Let t(n) = v*a(n) + 11*k(n). What is t(3)?
8
Suppose 0 = -4*r - o - 2*o + 140, 0 = 2*o - 8. Suppose -3*a = -2*l + 8, 7*a - 5*a + r = -4*l. Let c(x) = x**2 + 9*x - 7. What is c(a)?
-25
Let u(t) = -5*t**2 + 2*t + 1. Let a(y) = -3*y**2 - 14*y + 51. Let w be a(-7). What is u(w)?
-15
Let z(x) = -2*x + 8. Let p(b) = -2*b**3 - 5*b**2 - 8*b - 5. Let l be p(-2). Determine z(l).
-6
Let s(c) = 6*c**2 + 10*c - 2. Let d(u) = -u**3 - u**2 - u - 1. Let a(b) = -d(b) - s(b). Determine a(6).
-15
Suppose 0 = 15*l + 68 + 112. Let t(v) = -v**3 - 12*v**2 - 2*v - 12. Determine t(l).
12
Let a(u) = 6*u + 13. Let t(o) = -3*o - 6. Let i(r) = 6*a(r) + 11*t(r). Calculate i(-7).
-9
Let d(x) = -2 + 1 - 2*x + 0*x**2 - 4*x**2. Let v(r) = 2*r**3 - 74*r**2 - 74*r - 77. Let w be v(38). Determine d(w).
-3
Let p(r) = 7*r**2 - 10*r + 2. Let v(i) = 7*i**2 - 11*i + 1. Let j(m) = -5*p(m) + 4*v(m). Let k(h) = -8*h**2 + 6*h - 7. Let n(w) = -6*j(w) + 5*k(w). Give n(4).
9
Let i = 21 + -82. Let k = -66 - i. Let z(t) = t**3 + 6*t**2 + 4*t - 1. What is z(k)?
4
Let h(c) be the third derivative of -c**5/60 + 5*c**4/24 + 5*c**3/6 + 2*c**2. Let n be (2 - (3 - 0)*1)*-7. Determine h(n).
-9
Let c(g) be the second derivative of g**4/6 + g**3/6 - g**2 - g + 4. What is c(3)?
19
Suppose -a + 3*a + 12 = 0. Let h be (12/10)/(a/(-15)). Let g be 2 + (3 - (-3 + h)). Let w(j) = j**2 - 3*j - 7. Determine w(g).
3
Let l(c) = 7*c - 2. Let v(y) = y**2 - 13*y + 40. Let n be v(7). Calculate l(n).
-16
Let i(s) = s**2 - 6*s - 7. Let g be (-7 + 8)/((-1)/(-7)). Let z be i(g). Let b(r) = 55 - 54 + z*r + r. Calculate b(-3).
-2
Let j(s) = 1 - 100*s**3 - 91*s**3 + 5*s**2 + 4*s + 192*s**3. What is j(-5)?
-19
Let s(c) = -c**3 - 6*c**2 - 4. Suppose -12*o - 54*o = 396. Give s(o).
-4
Let l(r) be the third derivative of -r**6/120 - 17*r**5/60 - 2*r**3/3 - 86*r**2. Determine l(-17).
-4
Let k(x) be the second derivative of x**5/20 + x**4/4 + x**3/3 - x**2 - 36*x - 2. What is k(-3)?
-8
Let a(c) = c**3 - 4*c**2 - 1. Suppose 0 = -f + 5*f - 5*b - 31, -11 = -2*f + b. What is a(f)?
-1
Let f(h) be the first derivative of -h**2 + 12 + 1/3*h**3 - 2*h. What is f(3)?
1
Let h(s) be the second derivative of -s**4/12 - 3*s**2/2 - 88*s + 2. What is h(0)?
-3
Let w(o) = -o**2 + o + 3. Let a be w(0). Let h = -3 + a. Let b(c) = -5*c + 16. Let k(n) = 14*n - 47. Let m(z) = -17*b(z) - 6*k(z). Give m(h).
10
Suppose -8 = 4*q - 4*n, 0*q = 5*q - n - 10. Let v(z) = 5*z - 1 + 0 + 4 - q*z. Determine v(-2).
-1
Let n(o) = 2*o**2 + 2*o - 1. Let u be -4*(1 - ((-11)/(-2))/11). Calculate n(u).
3
Let z(c) = 8*c + 18. Let b be z(17). Let i(t) = 161*t + 0*t**3 + 3 - b*t + t**3 - 8*t**2. Calculate i(6).
-27
Let j(o) = 3*o**3 + o**2 + 4*o - 10. Let v(w) = -7*w**3 - 3*w**2 - 9*w + 21. Let u(i) = -9*j(i) - 4*v(i). What is u(-3)?
6
Let j(s) be the first derivative of s**2/2 - 7*s - 2905. Suppose -2*m + 15 = 5*h, 4*h + 9 = -5*m + 4. What is j(m)?
-12
Let r(b) be the third derivative of b**6/1